
True
Is 29801 a prime number?
False
Is 115987 a composite number?
False
Is 18467 prime?
False
Is 18959 a prime number?
True
Is 8743 prime?
False
Is 39619 prime?
True
Is 4586287 prime?
True
Is 1083337 prime?
True
Is 35693 prime?
False
Is 572023 prime?
True
Is 48907 a prime number?
True
Is 2477 prime?
True
Is 203531 composite?
False
Is 44351 a prime number?
True
Is 19199 a prime number?
False
Is 564763 a prime number?
False
Is 1409 prime?
True
Is 1721 prime?
True
Is 18554 composite?
True
Is 13045 prime?
False
Is 4871 composite?
False
Is 14165 composite?
True
Is 1545587 composite?
False
Is 18529 a composite number?
True
Is 404941 a prime number?
True
Is 31 a composite number?
False
Is 1562567 a prime number?
True
Is 720173 a prime number?
True
Is 825211 prime?
False
Is 117677 prime?
False
Is 317 prime?
True
Is 34499 prime?
True
Is 2818202 composite?
True
Is 12139 prime?
False
Is 1035449 a prime number?
True
Is 60589 a prime number?
True
Is 2041 a composite number?
True
Is 30757 a composite number?
False
Is 1070279 prime?
False
Is 781799 composite?
False
Is 32117 a prime number?
True
Is 470021 a composite number?
False
Is 2963 prime?
True
Is 55313 prime?
True
Is 77761 composite?
False
Is 65647 prime?
True
Is 6731 prime?
False
Is 3979 a composite number?
True
Is 85357 a composite number?
True
Is 3647 prime?
False
Is 77681 a prime number?
True
Is 441647 prime?
True
Is 58741 prime?
True
Is 631543 a prime number?
False
Is 79757 a prime number?
True
Is 436547 a prime number?
True
Is 4649 a composite number?
False
Is 12849 a composite number?
True
Is 377761 prime?
True
Is 14851 a prime number?
True
Is 77383 a composite number?
False
Is 312977 prime?
False
Is 8095 a prime number?
False
Is 28091 a prime number?
False
Is 189583 prime?
True
Is 12227 a composite number?
False
Is 20741 composite?
True
Is 59477 prime?
False
Is 284387 composite?
False
Is 96643 prime?
True
Is 10007 a composite number?
False
Is 49213 a prime number?
False
Is 2021 composite?
True
Is 23591 composite?
True
Is 1183199 a composite number?
False
Is 19001 a prime number?
True
Is 42791 prime?
False
Is 44483 prime?
True
Is 106817 prime?
False
Is 769237 prime?
False
Is 30237 composite?
True
Is 6995 composite?
True
Is 3357061 a composite number?
False
Is 271289 a prime number?
True
Is 69655 prime?
False
Is 4267 prime?
False
Is 25001 a composite number?
True
Is 88099 a composite number?
True
Is 1544479 a prime number?
True
Is 49729 a prime number?
False
Is 80303 a prime number?
False
Is 2837 composite?
False
Is 68759 prime?
False
Is 14369 a prime number?
True
Is 125821 a prime number?
True
Is 73933 a composite number?
True
Is 8791 a composite number?
True
Is 35177 a composite number?
True
Is 4643 a composite number?
False
Is 5561 a composite number?
True
Is 77059 a composite number?
True
Is 17827 a prime number?
True
Is 2521 a prime number?
True
Is 809 prime?
True
Is 257 prime?
True
Is 16001 prime?
True
Is 207227 a composite number?
False
Is 1180381 composite?
False
Is 77834 a prime number?
False
Is 11903 prime?
True
Is 36629 prime?
True
Is 4391 composite?
False
Is 6121 a composite number?
False
Is 9781 a prime number?
True
Is 6469 prime?
True
Is 18451 composite?
False
Is 673 a prime number?
True
Is 96991 composite?
True
Is 29123 composite?
False
Is 61379 composite?
False
Is 23557 a prime number?
True
Is 1649 prime?
False
Is 189827 prime?
False
Is 657697 a prime number?
False
Is 367603 composite?
False
Is 247939 a prime number?
True
Is 5791 composite?
False
Is 86087 a prime number?
False
Is 29123 a composite number?
False
Is 17077 prime?
True
Is 14699 prime?
True
Is 3761 composite?
False
Is 1217 composite?
False
Is 9055 prime?
False
Is 1995049 prime?
False
Is 172261 composite?
True
Is 6499 prime?
False
Is 74667 a composite number?
True
Is 34421 a prime number?
True
Is 1163 a composite number?
False
Is 83693 prime?
False
Is 19217 prime?
False
Is 51031 a prime number?
True
Is 1521955 a prime number?
False
Is 350209 composite?
True
Is 591287 a composite number?
False
Is 530947 prime?
True
Is 72019 composite?
False
Is 2497057 a prime number?
False
Is 521531 a composite number?
True
Is 2796833 a prime number?
False
Is 217619 a composite number?
False
Is 17083 prime?
False
Is 24293 composite?
True
Is 585769 composite?
True
Is 23923 composite?
True
Is 2423 prime?
True
Is 143123 a prime number?
False
Is 3103 a prime number?
False
Is 4385 a composite number?
True
Is 2363377 composite?
True
Is 67207 composite?
True
Is 656137 prime?
False
Is 92693 prime?
True
Is 6337 composite?
False
Is 103369 a prime number?
False
Is 672301 a composite number?
True
Is 75937 composite?
False
Is 218543 a composite number?
True
Is 15017 a prime number?
True
Is 838127 a prime number?
False
Is 8597 a composite number?
False
Is 5251 prime?
False
Is 26857 composite?
True
Is 870127 a prime number?
True
Is 5273 a prime number?
True
Is 355237 a composite number?
True
Is 889682 a composite number?
True
Is 114041 composite?
False
Is 118 prime?
False
Is 618509 prime?
True
Is 11281 prime?
False
Is 88901 a prime number?
False
Is 3031 a prime number?
False
Is 175701 composite?
True
Is 63487 prime?
True
Is 4289 a prime number?
True
Is 1277 prime?
True
Is 383311 composite?
True
Is 11273 a prime number?
True
Is 20597 composite?
True
Is 20014 prime?
False
Is 3979135 a prime number?
False
Is 442691 a composite number?
False
Is 77429 a composite number?
True
Is 1361 composite?
False
Is 641 a prime number?
True
Is 207923 prime?
True
Is 8509 composite?
True
Is 117017 prime?
True
Is 21467 prime?
True
Is 11855 a composite number?
True
Is 1768669 prime?
False
Is 58741 prime?
True
Is 359071 prime?
False
Is 253619 a prime number?
False
Is 342083 a composite number?
True
Is 700041 a prime number?
False
Is 5143 prime?
False
Is 744047 prime?
False
Is 1833977 composite?
True
Is 38989 a prime number?
False
Is 1219 composite?
True
Is 42321 a composite number?
True
Is 7669 a composite number?
False
Is 560039 composite?
False
Is 1969 composite?
True
Is 34699 a composite number?
True
Is 323567 a composite number?
False
Is 17729 a composite number?
False
Is 2861 a composite number?
False
Is 14221 prime?
True
Is 554371 a composite number?
True
Is 7393 composite?
False
Is 6257 composite?
False
Is 13553 composite?
False
Is 5152463 a composite number?
False
Is 12539 a prime number?
True
Is 787601 a prime number?
True
Is 92503 a composite number?
False
Is 16871 a composite number?
False
Is 6779 a prime number?
True
Is 985121 a prime number?
True
Is 62962 prime?
False
Is 8191351 a prime number?
False
Is 415217 a prime number?
False
Is 221009 composite?
True
Is 71401 prime?
False
Is 220795 a composite number?
True
Is 1737539 a prime number?
False
Is 57167 a composite number?
True
Is 21443 composite?
True
Is 17943 a prime number?
False
Is 79043 composite?
False
Is 1843 prime?
False
Is 114067 composite?
False
Is 66613 composite?
True
Is 474307 a prime number?
True
Is 1510337 a composite number?
False
Is 96791 prime?
False
Is 12067 a prime number?
False
Is 64497 prime?
False
Is 213041 prime?
False
Is 361141 composite?
True
Is 1829 prime?
False
Is 17695 a prime number?
False
Is 747091 composite?
True
Is 358481 prime?
False
Is 209823 a composite number?
True
Is 82787 composite?
False
Is 15209 composite?
True
Is 432317 a prime number?
True
Is 109955 a composite number?
True
Is 99353 prime?
False
Is 1657 composite?
False
Is 220747 prime?
True
Is 59 a composite number?
False
Is 508919 composite?
False
Is 1262 composite?
True
Is 45383 a composite number?
True
Is 5807 composite?
False
Is 4741 a composite number?
True
Is 741163 composite?
False
Is 12941 composite?
False
Is 798877 a composite number?
True
Is 7901 a prime number?
True
Is 807 prime?
False
Is 55619 composite?
False
Is 103301 prime?
False
Is 94431 a prime number?
False
Is 2744921 a composite number?
False
Is 228433 prime?
False
Is 21509 a composite number?
True
Is 17113 a composite number?
True
Is 14377 a composite number?
True
Is 78121 prime?
True
Is 95689 composite?
True
Is 46429 a composite number?
True
Is 571853 a prime number?
True
Is 54493 a composite number?
False
Is 45403 prime?
True
Is 4198 a composite number?
True
Is 121763 a prime number?
True
Is 301319 prime?
True
Is 24281 prime?
True
Is 123229